{"id":491,"date":"2024-12-14T18:25:21","date_gmt":"2024-12-14T18:25:21","guid":{"rendered":"https:\/\/prototipo.cgmultimidia.com.br\/Infoterm\/?page_id=491"},"modified":"2025-02-04T11:33:52","modified_gmt":"2025-02-04T11:33:52","slug":"ecossistema-e-sustentabilidade","status":"publish","type":"page","link":"https:\/\/prototipo.cgmultimidia.com.br\/Infoterm\/ecossistema-e-sustentabilidade\/","title":{"rendered":"Ecossistema e sustentabilidade"},"content":{"rendered":"\t\t<div data-elementor-type=\"wp-page\" data-elementor-id=\"491\" class=\"elementor elementor-491\" data-elementor-post-type=\"page\">\n\t\t\t\t\t\t<section class=\"elementor-section elementor-top-section elementor-element elementor-element-169956d9 elementor-section-content-middle elementor-section-boxed elementor-section-height-default elementor-section-height-default\" data-id=\"169956d9\" data-element_type=\"section\">\n\t\t\t\t\t\t<div class=\"elementor-container elementor-column-gap-default\">\n\t\t\t\t\t<div class=\"elementor-column elementor-col-100 elementor-top-column elementor-element elementor-element-5200125\" data-id=\"5200125\" data-element_type=\"column\">\n\t\t\t<div class=\"elementor-widget-wrap\">\n\t\t\t\t\t\t\t<\/div>\n\t\t<\/div>\n\t\t\t\t\t<\/div>\n\t\t<\/section>\n\t\t\t\t<section class=\"elementor-section elementor-top-section elementor-element elementor-element-09e6607 elementor-section-content-middle elementor-hidden-desktop elementor-section-boxed elementor-section-height-default elementor-section-height-default\" data-id=\"09e6607\" data-element_type=\"section\">\n\t\t\t\t\t\t<div class=\"elementor-container elementor-column-gap-default\">\n\t\t\t\t\t<div class=\"elementor-column elementor-col-100 elementor-top-column elementor-element elementor-element-68b6240\" data-id=\"68b6240\" data-element_type=\"column\">\n\t\t\t<div class=\"elementor-widget-wrap\">\n\t\t\t\t\t\t\t<\/div>\n\t\t<\/div>\n\t\t\t\t\t<\/div>\n\t\t<\/section>\n\t\t\t\t<section class=\"elementor-section elementor-top-section elementor-element elementor-element-c9f47ef elementor-section-content-middle elementor-section-boxed elementor-section-height-default elementor-section-height-default\" data-id=\"c9f47ef\" data-element_type=\"section\">\n\t\t\t\t\t\t<div class=\"elementor-container elementor-column-gap-default\">\n\t\t\t\t\t<div class=\"elementor-column elementor-col-50 elementor-top-column elementor-element elementor-element-1722256\" data-id=\"1722256\" data-element_type=\"column\">\n\t\t\t<div class=\"elementor-widget-wrap elementor-element-populated\">\n\t\t\t\t\t\t<div class=\"elementor-element elementor-element-272c79f elementor-widget elementor-widget-image\" data-id=\"272c79f\" data-element_type=\"widget\" data-widget_type=\"image.default\">\n\t\t\t\t<div class=\"elementor-widget-container\">\n\t\t\t\t\t\t\t\t\t\t\t\t\t<img fetchpriority=\"high\" decoding=\"async\" width=\"1493\" height=\"2400\" src=\"https:\/\/prototipo.cgmultimidia.com.br\/Infoterm\/wp-content\/uploads\/2025\/01\/Sem-Titulo-1-1.png\" class=\"attachment-full size-full wp-image-672\" alt=\"\" srcset=\"https:\/\/prototipo.cgmultimidia.com.br\/Infoterm\/wp-content\/uploads\/2025\/01\/Sem-Titulo-1-1.png 1493w, https:\/\/prototipo.cgmultimidia.com.br\/Infoterm\/wp-content\/uploads\/2025\/01\/Sem-Titulo-1-1-249x400.png 249w, https:\/\/prototipo.cgmultimidia.com.br\/Infoterm\/wp-content\/uploads\/2025\/01\/Sem-Titulo-1-1-498x800.png 498w, https:\/\/prototipo.cgmultimidia.com.br\/Infoterm\/wp-content\/uploads\/2025\/01\/Sem-Titulo-1-1-768x1235.png 768w, https:\/\/prototipo.cgmultimidia.com.br\/Infoterm\/wp-content\/uploads\/2025\/01\/Sem-Titulo-1-1-956x1536.png 956w, https:\/\/prototipo.cgmultimidia.com.br\/Infoterm\/wp-content\/uploads\/2025\/01\/Sem-Titulo-1-1-1274x2048.png 1274w, https:\/\/prototipo.cgmultimidia.com.br\/Infoterm\/wp-content\/uploads\/2025\/01\/Sem-Titulo-1-1-600x965.png 600w\" sizes=\"(max-width: 1493px) 100vw, 1493px\" \/>\t\t\t\t\t\t\t\t\t\t\t\t\t<\/div>\n\t\t\t\t<\/div>\n\t\t\t\t\t<\/div>\n\t\t<\/div>\n\t\t\t\t<div class=\"elementor-column elementor-col-50 elementor-top-column elementor-element elementor-element-2eda303\" data-id=\"2eda303\" data-element_type=\"column\">\n\t\t\t<div class=\"elementor-widget-wrap elementor-element-populated\">\n\t\t\t\t\t\t<div class=\"elementor-element elementor-element-9cf63d2 elementor-widget elementor-widget-heading\" data-id=\"9cf63d2\" data-element_type=\"widget\" data-widget_type=\"heading.default\">\n\t\t\t\t<div class=\"elementor-widget-container\">\n\t\t\t<h2 class=\"elementor-heading-title elementor-size-default\">PROTOCOLO DE KYOTO<\/h2>\t\t<\/div>\n\t\t\t\t<\/div>\n\t\t\t\t<div class=\"elementor-element elementor-element-f8799e9 elementor-widget elementor-widget-text-editor\" data-id=\"f8799e9\" data-element_type=\"widget\" data-widget_type=\"text-editor.default\">\n\t\t\t\t<div class=\"elementor-widget-container\">\n\t\t\t\t\t\t\t<p><span style=\"font-weight: 400;\">Acordo internacional que estabeleceu metas para reduzir a emiss\u00e3o de gases de efeito estufa (GEE):<\/span><\/p>\t\t\t\t\t\t<\/div>\n\t\t\t\t<\/div>\n\t\t\t\t<div class=\"elementor-element elementor-element-d2a9a96 elementor-widget elementor-widget-jkit_feature_list\" data-id=\"d2a9a96\" data-element_type=\"widget\" data-widget_type=\"jkit_feature_list.default\">\n\t\t\t\t<div class=\"elementor-widget-container\">\n\t\t\t<div  class=\"jeg-elementor-kit jkit-feature-list icon-position-left icon-position-left icon-position-left jeg_module___69f38a340d276\" ><ul class=\"feature-list-items shape-square shape-view-stacked connector-type-classic\"><li class=\"feature-list-item elementor-repeater-item-a78403c\">\n\t\t\t\t<span class=\"connector\"><\/span>\n\t\t\t\t<div class=\"feature-list-icon-box\">\n\t\t\t\t\t<div class=\"feature-list-icon-inner\">\n\t\t\t\t\t\t<span class=\"feature-list-icon\">\n\t\t\t\t\t\t\t<i aria-hidden=\"true\" class=\"jki jki-contract-light\"><\/i>\n\t\t\t\t\t\t<\/span>\n\t\t\t\t\t<\/div>\n\t\t\t\t<\/div>\n\t\t\t\t<div class=\"feature-list-content-box\">\n\t\t\t\t\t<p class=\"feature-list-content\">Foi assinado em 1997, durante a 3\u00aa Confer\u00eancia das Partes da Conven\u00e7\u00e3o Quadro das Na\u00e7\u00f5es Unidas sobre Mudan\u00e7as Clim\u00e1ticas\u00a0<\/p>\n\t\t\t\t<\/div>\n\t\t\t<\/li><li class=\"feature-list-item elementor-repeater-item-7039563\">\n\t\t\t\t<span class=\"connector\"><\/span>\n\t\t\t\t<div class=\"feature-list-icon-box\">\n\t\t\t\t\t<div class=\"feature-list-icon-inner\">\n\t\t\t\t\t\t<span class=\"feature-list-icon\">\n\t\t\t\t\t\t\t<i aria-hidden=\"true\" class=\"jki jki-rocket-light\"><\/i>\n\t\t\t\t\t\t<\/span>\n\t\t\t\t\t<\/div>\n\t\t\t\t<\/div>\n\t\t\t\t<div class=\"feature-list-content-box\">\n\t\t\t\t\t<p class=\"feature-list-content\">Entrou em vigor em 2005, ap\u00f3s ser ratificado por pelo menos 55 Estados Partes da Conven\u00e7\u00e3o<\/p>\n\t\t\t\t<\/div>\n\t\t\t<\/li><li class=\"feature-list-item elementor-repeater-item-bcca6dd\">\n\t\t\t\t<span class=\"connector\"><\/span>\n\t\t\t\t<div class=\"feature-list-icon-box\">\n\t\t\t\t\t<div class=\"feature-list-icon-inner\">\n\t\t\t\t\t\t<span class=\"feature-list-icon\">\n\t\t\t\t\t\t\t<i aria-hidden=\"true\" class=\"jki jki-medal-solid\"><\/i>\n\t\t\t\t\t\t<\/span>\n\t\t\t\t\t<\/div>\n\t\t\t\t<\/div>\n\t\t\t\t<div class=\"feature-list-content-box\">\n\t\t\t\t\t<p class=\"feature-list-content\">Foi o primeiro tratado internacional a controlar a emiss\u00e3o de GEE\u00a0 Estimulou a cria\u00e7\u00e3o de formas de desenvolvimento sustent\u00e1vel\u00a0<\/p>\n\t\t\t\t<\/div>\n\t\t\t<\/li><li class=\"feature-list-item elementor-repeater-item-0607ea5\">\n\t\t\t\t<span class=\"connector\"><\/span>\n\t\t\t\t<div class=\"feature-list-icon-box\">\n\t\t\t\t\t<div class=\"feature-list-icon-inner\">\n\t\t\t\t\t\t<span class=\"feature-list-icon\">\n\t\t\t\t\t\t\t<i aria-hidden=\"true\" class=\"jki jki-Target-light\"><\/i>\n\t\t\t\t\t\t<\/span>\n\t\t\t\t\t<\/div>\n\t\t\t\t<\/div>\n\t\t\t\t<div class=\"feature-list-content-box\">\n\t\t\t\t\t<p class=\"feature-list-content\">O protocolo estabeleceu metas de redu\u00e7\u00e3o de emiss\u00f5es para os pa\u00edses desenvolvidos, em rela\u00e7\u00e3o aos n\u00edveis de 1990. Por exemplo, os pa\u00edses da Uni\u00e3o Europeia estabeleceram uma meta de 8% na redu\u00e7\u00e3o dos gases do efeito estufa, enquanto o Jap\u00e3o fixou esse percentual em 6%.\u00a0<\/p>\n\t\t\t\t<\/div>\n\t\t\t<\/li><li class=\"feature-list-item elementor-repeater-item-0284d9b\">\n\t\t\t\t<span class=\"connector\"><\/span>\n\t\t\t\t<div class=\"feature-list-icon-box\">\n\t\t\t\t\t<div class=\"feature-list-icon-inner\">\n\t\t\t\t\t\t<span class=\"feature-list-icon\">\n\t\t\t\t\t\t\t<svg aria-hidden=\"true\" class=\"e-font-icon-svg e-far-thumbs-down\" viewBox=\"0 0 512 512\" xmlns=\"http:\/\/www.w3.org\/2000\/svg\"><path d=\"M466.27 225.31c4.674-22.647.864-44.538-8.99-62.99 2.958-23.868-4.021-48.565-17.34-66.99C438.986 39.423 404.117 0 327 0c-7 0-15 .01-22.22.01C201.195.01 168.997 40 128 40h-10.845c-5.64-4.975-13.042-8-21.155-8H32C14.327 32 0 46.327 0 64v240c0 17.673 14.327 32 32 32h64c11.842 0 22.175-6.438 27.708-16h7.052c19.146 16.953 46.013 60.653 68.76 83.4 13.667 13.667 10.153 108.6 71.76 108.6 57.58 0 95.27-31.936 95.27-104.73 0-18.41-3.93-33.73-8.85-46.54h36.48c48.602 0 85.82-41.565 85.82-85.58 0-19.15-4.96-34.99-13.73-49.84zM64 296c-13.255 0-24-10.745-24-24s10.745-24 24-24 24 10.745 24 24-10.745 24-24 24zm330.18 16.73H290.19c0 37.82 28.36 55.37 28.36 94.54 0 23.75 0 56.73-47.27 56.73-18.91-18.91-9.46-66.18-37.82-94.54C206.9 342.89 167.28 272 138.92 272H128V85.83c53.611 0 100.001-37.82 171.64-37.82h37.82c35.512 0 60.82 17.12 53.12 65.9 15.2 8.16 26.5 36.44 13.94 57.57 21.581 20.384 18.699 51.065 5.21 65.62 9.45 0 22.36 18.91 22.27 37.81-.09 18.91-16.71 37.82-37.82 37.82z\"><\/path><\/svg>\n\t\t\t\t\t\t<\/span>\n\t\t\t\t\t<\/div>\n\t\t\t\t<\/div>\n\t\t\t\t<div class=\"feature-list-content-box\">\n\t\t\t\t\t<p class=\"feature-list-content\">No entanto, o Protocolo de Kyoto n\u00e3o foi suficiente para mitigar o aquecimento global. Os Estados Unidos abandonaram o acordo em 2001, alegando que cumprir as metas comprometeria seu desenvolvimento econ\u00f4mico. O Canad\u00e1 tamb\u00e9m saiu do acordo em 2011.\u00a0<\/p>\n\t\t\t\t<\/div>\n\t\t\t<\/li><li class=\"feature-list-item elementor-repeater-item-3c34df8\">\n\t\t\t\t<span class=\"connector\"><\/span>\n\t\t\t\t<div class=\"feature-list-icon-box\">\n\t\t\t\t\t<div class=\"feature-list-icon-inner\">\n\t\t\t\t\t\t<span class=\"feature-list-icon\">\n\t\t\t\t\t\t\t<i aria-hidden=\"true\" class=\"jki jki-diploma-light\"><\/i>\n\t\t\t\t\t\t<\/span>\n\t\t\t\t\t<\/div>\n\t\t\t\t<\/div>\n\t\t\t\t<div class=\"feature-list-content-box\">\n\t\t\t\t\t<p class=\"feature-list-content\">Em 2015, foi adotado o Acordo de Paris, que substituiu o Protocolo de Kyoto.<\/p>\n\t\t\t\t<\/div>\n\t\t\t<\/li><\/ul><\/div>\t\t<\/div>\n\t\t\t\t<\/div>\n\t\t\t\t\t<\/div>\n\t\t<\/div>\n\t\t\t\t\t<\/div>\n\t\t<\/section>\n\t\t\t\t<\/div>\n\t\t","protected":false},"excerpt":{"rendered":"<p>PROTOCOLO DE KYOTO Acordo internacional que estabeleceu metas para reduzir a emiss\u00e3o de gases de efeito estufa (GEE): Foi assinado em 1997, durante a 3\u00aa Confer\u00eancia das Partes da Conven\u00e7\u00e3o Quadro das Na\u00e7\u00f5es Unidas sobre Mudan\u00e7as Clim\u00e1ticas\u00a0 Entrou em vigor em 2005, ap\u00f3s ser ratificado por pelo menos 55 Estados Partes da Conven\u00e7\u00e3o Foi o [&#8230;]\n","protected":false},"author":1,"featured_media":0,"parent":0,"menu_order":0,"comment_status":"closed","ping_status":"closed","template":"elementor_header_footer","meta":{"footnotes":""},"class_list":["post-491","page","type-page","status-publish","hentry"],"_links":{"self":[{"href":"https:\/\/prototipo.cgmultimidia.com.br\/Infoterm\/wp-json\/wp\/v2\/pages\/491","targetHints":{"allow":["GET"]}}],"collection":[{"href":"https:\/\/prototipo.cgmultimidia.com.br\/Infoterm\/wp-json\/wp\/v2\/pages"}],"about":[{"href":"https:\/\/prototipo.cgmultimidia.com.br\/Infoterm\/wp-json\/wp\/v2\/types\/page"}],"author":[{"embeddable":true,"href":"https:\/\/prototipo.cgmultimidia.com.br\/Infoterm\/wp-json\/wp\/v2\/users\/1"}],"replies":[{"embeddable":true,"href":"https:\/\/prototipo.cgmultimidia.com.br\/Infoterm\/wp-json\/wp\/v2\/comments?post=491"}],"version-history":[{"count":25,"href":"https:\/\/prototipo.cgmultimidia.com.br\/Infoterm\/wp-json\/wp\/v2\/pages\/491\/revisions"}],"predecessor-version":[{"id":956,"href":"https:\/\/prototipo.cgmultimidia.com.br\/Infoterm\/wp-json\/wp\/v2\/pages\/491\/revisions\/956"}],"wp:attachment":[{"href":"https:\/\/prototipo.cgmultimidia.com.br\/Infoterm\/wp-json\/wp\/v2\/media?parent=491"}],"curies":[{"name":"wp","href":"https:\/\/api.w.org\/{rel}","templated":true}]}}

<div data-elementor-type="wp-page" data-elementor-id="491" class="elementor elementor-491" data-elementor-post-type="page">
						<section class="elementor-section elementor-top-section elementor-element elementor-element-169956d9 elementor-section-content-middle elementor-section-boxed elementor-section-height-default elementor-section-height-default" data-id="169956d9" data-element_type="section">
						<div class="elementor-container elementor-column-gap-default">
					<div class="elementor-column elementor-col-100 elementor-top-column elementor-element elementor-element-5200125" data-id="5200125" data-element_type="column">
			<div class="elementor-widget-wrap">
							</div>
		</div>
					</div>
		</section>
				<section class="elementor-section elementor-top-section elementor-element elementor-element-09e6607 elementor-section-content-middle elementor-hidden-desktop elementor-section-boxed elementor-section-height-default elementor-section-height-default" data-id="09e6607" data-element_type="section">
						<div class="elementor-container elementor-column-gap-default">
					<div class="elementor-column elementor-col-100 elementor-top-column elementor-element elementor-element-68b6240" data-id="68b6240" data-element_type="column">
			<div class="elementor-widget-wrap">
							</div>
		</div>
					</div>
		</section>
				<section class="elementor-section elementor-top-section elementor-element elementor-element-c9f47ef elementor-section-content-middle elementor-section-boxed elementor-section-height-default elementor-section-height-default" data-id="c9f47ef" data-element_type="section">
						<div class="elementor-container elementor-column-gap-default">
					<div class="elementor-column elementor-col-50 elementor-top-column elementor-element elementor-element-1722256" data-id="1722256" data-element_type="column">
			<div class="elementor-widget-wrap elementor-element-populated">
						<div class="elementor-element elementor-element-272c79f elementor-widget elementor-widget-image" data-id="272c79f" data-element_type="widget" data-widget_type="image.default">
				<div class="elementor-widget-container">
													<img fetchpriority="high" decoding="async" width="1493" height="2400" src="https://prototipo.cgmultimidia.com.br/Infoterm/wp-content/uploads/2025/01/Sem-Titulo-1-1.png" class="attachment-full size-full wp-image-672" alt="" srcset="https://prototipo.cgmultimidia.com.br/Infoterm/wp-content/uploads/2025/01/Sem-Titulo-1-1.png 1493w, https://prototipo.cgmultimidia.com.br/Infoterm/wp-content/uploads/2025/01/Sem-Titulo-1-1-249x400.png 249w, https://prototipo.cgmultimidia.com.br/Infoterm/wp-content/uploads/2025/01/Sem-Titulo-1-1-498x800.png 498w, https://prototipo.cgmultimidia.com.br/Infoterm/wp-content/uploads/2025/01/Sem-Titulo-1-1-768x1235.png 768w, https://prototipo.cgmultimidia.com.br/Infoterm/wp-content/uploads/2025/01/Sem-Titulo-1-1-956x1536.png 956w, https://prototipo.cgmultimidia.com.br/Infoterm/wp-content/uploads/2025/01/Sem-Titulo-1-1-1274x2048.png 1274w, https://prototipo.cgmultimidia.com.br/Infoterm/wp-content/uploads/2025/01/Sem-Titulo-1-1-600x965.png 600w" sizes="(max-width: 1493px) 100vw, 1493px" />													</div>
				</div>
					</div>
		</div>
				<div class="elementor-column elementor-col-50 elementor-top-column elementor-element elementor-element-2eda303" data-id="2eda303" data-element_type="column">
			<div class="elementor-widget-wrap elementor-element-populated">
						<div class="elementor-element elementor-element-9cf63d2 elementor-widget elementor-widget-heading" data-id="9cf63d2" data-element_type="widget" data-widget_type="heading.default">
				<div class="elementor-widget-container">
			<h2 class="elementor-heading-title elementor-size-default">PROTOCOLO DE KYOTO</h2>		</div>
				</div>
				<div class="elementor-element elementor-element-f8799e9 elementor-widget elementor-widget-text-editor" data-id="f8799e9" data-element_type="widget" data-widget_type="text-editor.default">
				<div class="elementor-widget-container">
							<p><span style="font-weight: 400;">Acordo internacional que estabeleceu metas para reduzir a emissão de gases de efeito estufa (GEE):</span></p>						</div>
				</div>
				<div class="elementor-element elementor-element-d2a9a96 elementor-widget elementor-widget-jkit_feature_list" data-id="d2a9a96" data-element_type="widget" data-widget_type="jkit_feature_list.default">
				<div class="elementor-widget-container">
			<div  class="jeg-elementor-kit jkit-feature-list icon-position-left icon-position-left icon-position-left jeg_module___69f38a340d276" ><ul class="feature-list-items shape-square shape-view-stacked connector-type-classic"><li class="feature-list-item elementor-repeater-item-a78403c">
				<span class="connector"></span>
				<div class="feature-list-icon-box">
					<div class="feature-list-icon-inner">
						<span class="feature-list-icon">
							<i aria-hidden="true" class="jki jki-contract-light"></i>
						</span>
					</div>
				</div>
				<div class="feature-list-content-box">
					<p class="feature-list-content">Foi assinado em 1997, durante a 3ª Conferência das Partes da Convenção Quadro das Nações Unidas sobre Mudanças Climáticas </p>
				</div>
			</li><li class="feature-list-item elementor-repeater-item-7039563">
				<span class="connector"></span>
				<div class="feature-list-icon-box">
					<div class="feature-list-icon-inner">
						<span class="feature-list-icon">
							<i aria-hidden="true" class="jki jki-rocket-light"></i>
						</span>
					</div>
				</div>
				<div class="feature-list-content-box">
					<p class="feature-list-content">Entrou em vigor em 2005, após ser ratificado por pelo menos 55 Estados Partes da Convenção</p>
				</div>
			</li><li class="feature-list-item elementor-repeater-item-bcca6dd">
				<span class="connector"></span>
				<div class="feature-list-icon-box">
					<div class="feature-list-icon-inner">
						<span class="feature-list-icon">
							<i aria-hidden="true" class="jki jki-medal-solid"></i>
						</span>
					</div>
				</div>
				<div class="feature-list-content-box">
					<p class="feature-list-content">Foi o primeiro tratado internacional a controlar a emissão de GEE  Estimulou a criação de formas de desenvolvimento sustentável </p>
				</div>
			</li><li class="feature-list-item elementor-repeater-item-0607ea5">
				<span class="connector"></span>
				<div class="feature-list-icon-box">
					<div class="feature-list-icon-inner">
						<span class="feature-list-icon">
							<i aria-hidden="true" class="jki jki-Target-light"></i>
						</span>
					</div>
				</div>
				<div class="feature-list-content-box">
					<p class="feature-list-content">O protocolo estabeleceu metas de redução de emissões para os países desenvolvidos, em relação aos níveis de 1990. Por exemplo, os países da União Europeia estabeleceram uma meta de 8% na redução dos gases do efeito estufa, enquanto o Japão fixou esse percentual em 6%. </p>
				</div>
			</li><li class="feature-list-item elementor-repeater-item-0284d9b">
				<span class="connector"></span>
				<div class="feature-list-icon-box">
					<div class="feature-list-icon-inner">
						<span class="feature-list-icon">
							<svg aria-hidden="true" class="e-font-icon-svg e-far-thumbs-down" viewBox="0 0 512 512" xmlns="http://www.w3.org/2000/svg"><path d="M466.27 225.31c4.674-22.647.864-44.538-8.99-62.99 2.958-23.868-4.021-48.565-17.34-66.99C438.986 39.423 404.117 0 327 0c-7 0-15 .01-22.22.01C201.195.01 168.997 40 128 40h-10.845c-5.64-4.975-13.042-8-21.155-8H32C14.327 32 0 46.327 0 64v240c0 17.673 14.327 32 32 32h64c11.842 0 22.175-6.438 27.708-16h7.052c19.146 16.953 46.013 60.653 68.76 83.4 13.667 13.667 10.153 108.6 71.76 108.6 57.58 0 95.27-31.936 95.27-104.73 0-18.41-3.93-33.73-8.85-46.54h36.48c48.602 0 85.82-41.565 85.82-85.58 0-19.15-4.96-34.99-13.73-49.84zM64 296c-13.255 0-24-10.745-24-24s10.745-24 24-24 24 10.745 24 24-10.745 24-24 24zm330.18 16.73H290.19c0 37.82 28.36 55.37 28.36 94.54 0 23.75 0 56.73-47.27 56.73-18.91-18.91-9.46-66.18-37.82-94.54C206.9 342.89 167.28 272 138.92 272H128V85.83c53.611 0 100.001-37.82 171.64-37.82h37.82c35.512 0 60.82 17.12 53.12 65.9 15.2 8.16 26.5 36.44 13.94 57.57 21.581 20.384 18.699 51.065 5.21 65.62 9.45 0 22.36 18.91 22.27 37.81-.09 18.91-16.71 37.82-37.82 37.82z"></path></svg>
						</span>
					</div>
				</div>
				<div class="feature-list-content-box">
					<p class="feature-list-content">No entanto, o Protocolo de Kyoto não foi suficiente para mitigar o aquecimento global. Os Estados Unidos abandonaram o acordo em 2001, alegando que cumprir as metas comprometeria seu desenvolvimento econômico. O Canadá também saiu do acordo em 2011. </p>
				</div>
			</li><li class="feature-list-item elementor-repeater-item-3c34df8">
				<span class="connector"></span>
				<div class="feature-list-icon-box">
					<div class="feature-list-icon-inner">
						<span class="feature-list-icon">
							<i aria-hidden="true" class="jki jki-diploma-light"></i>
						</span>
					</div>
				</div>
				<div class="feature-list-content-box">
					<p class="feature-list-content">Em 2015, foi adotado o Acordo de Paris, que substituiu o Protocolo de Kyoto.</p>
				</div>
			</li></ul></div>		</div>
				</div>
					</div>
		</div>
					</div>
		</section>
				</div>

<p>PROTOCOLO DE KYOTO Acordo internacional que estabeleceu metas para reduzir a emissão de gases de efeito estufa (GEE): Foi assinado em 1997, durante a 3ª Conferência das Partes da Convenção Quadro das Nações Unidas sobre Mudanças Climáticas  Entrou em vigor em 2005, após ser ratificado por pelo menos 55 Estados Partes da Convenção Foi o [&#8230;]
